*v**2 - 22*v + 549. What is n(-23)?
-3
Let t(b) = -258*b**3 + 2*b**2 + b. Determine t(-1).
259
Let s(b) = 3*b**3 + 62*b**2 + 103*b + 155. Calculate s(-19).
3
Let y(n) = 4*n - 102. Determine y(13).
-50
Let n(c) = 71*c + 6806. Give n(-97).
-81
Let i(w) = 198*w - 2771. Calculate i(14).
1
Let z(v) = 161*v + 3. Determine z(1).
164
Let j(y) = 10914*y - 87328. Calculate j(8).
-16
Let t(r) = -10*r + 600. Calculate t(54).
60
Let q(n) = -n**3 + 92*n**2 - 259*n - 747. What is q(89)?
-35
Let m(t) = -2*t**3 + 27*t**2 + 15*t + 14. Calculate m(14).
28
Let l(d) = -16*d - 96. Determine l(-7).
16
Let z(d) = -5*d + 10. Give z(2).
0
Let k(h) = -h**3 + 24*h**2 + 2*h - 75. Calculate k(24).
-27
Let a(g) = 738*g - 3840. Give a(5).
-150
Let w(h) = -2*h**3 - 9*h**2 - 24*h - 8. Determine w(-4).
72
Let f(y) = -2*y**2 + 997*y + 105934. Give f(-90).
4
Let y(r) = -r**2 + 32*r + 3845. Give y(-48).
5
Let k(p) = -p**2 + 1465*p + 13266. Determine k(-9).
0
Let u(w) = 8*w + 37. Give u(-38).
-267
Let h(i) = -i**3 - 52*i**2 - 187*i + 139. Calculate h(-48).
-101
Let l(b) = 164*b + 215. What is l(3)?
707
Let y(j) = -13*j**2 + 38*j - 3. What is y(4)?
-59
Let z(d) = d**3 - d**2 + 7*d + 3. What is z(-4)?
-105
Let t(a) = -6*a**2 - 9. Calculate t(3).
-63
Let u(p) = p**2 + 201*p - 3430. Give u(16).
42
Let i(j) = 2*j**2 + 3090*j - 12350. Determine i(4).
42
Let i(r) = -r**3 - 23*r**2 + 42*r + 8. Give i(2).
-8
Let l(w) = w**3 + 26*w**2 + 89*w + 6. Calculate l(-4).
2
Let a(l) = -l**3 + 6*l**2 + 8*l - 67. What is a(4)?
-3
Let g(c) = c**3 + 30*c**2 + 24*c + 89. What is g(-29)?
234
Let o(n) = n**2 - 94*n + 549. Calculate o(90).
189
Let w(z) = 2*z**3 - 17*z**2 - 4*z + 15. Give w(5).
-180
Let d(x) = 4*x**3 - 7*x**2 - 3*x + 19. Calculate d(4).
151
Let o(n) = 7*n + 176. Determine o(-44).
-132
Let m(b) = -4*b**2 + 596*b - 510. What is m(148)?
82
Let q(m) = 449*m - 269. Give q(1).
180
Let j(t) = 4*t**3 - 3*t**2 + 3*t - 17. Calculate j(4).
203
Let i(n) = 7*n**2 + 288*n + 44. Give i(-41).
3
Let y(z) = z**3 - 19*z**2 + 45*z - 863. What is y(19)?
-8
Let s(w) = w**2 + 1408*w + 13972. Calculate s(-10).
-8
Let w(o) = -o**3 + 50*o**2 + 216*o + 224. Calculate w(54).
224
Let x(s) = 32*s + 41. Determine x(-3).
-55
Let i(c) = -c**3 - 6*c**2 - 141*c - 1040. Calculate i(-7).
-4
Let s(r) = 71*r + 98. What is s(-2)?
-44
Let s(z) = 5*z**2 - 5*z - 251. Calculate s(-12).
529
Let z(i) = 3*i**2 - 65*i - 1125. Calculate z(33).
-3
Let c(h) = 7*h - 26. Determine c(1).
-19
Let i(o) = -3*o**2 + 51*o. Calculate i(13).
156
Let x(b) = -47*b - 1997. Calculate x(-43).
24
Let x(j) = -j**3 + 14*j**2 + 7*j - 17. Calculate x(13).
243
Let d(b) = -60*b**2 - 248*b - 19. What is d(-4)?
13
Let m(t) = t**2 + 5*t - 203. What is m(-30)?
547
Let z(t) = -52*t**2 + 1830*t - 342. What is z(35)?
8
Let s(b) = 674*b - 1370. Give s(2).
-22
Let p(w) = -w**3 + 11*w**2 + 183*w - 30. Give p(20).
30
Let c(u) = -4*u - 7. Determine c(-3).
5
Let z(v) = 591*v - 8265. What is z(14)?
9
Let p(v) = -2*v**3 + 73*v**2 - 35*v - 51. Calculate p(36).
-15
Let j(u) = u**3 + 45*u**2 - 370*u - 389. Calculate j(-52).
-77
Let h(w) = -12*w + 432. Give h(-6).
504
Let b(o) = -3423*o - 20523. Determine b(-6).
15
Let w(t) = -64*t + 203. Give w(2).
75
Let r(i) = i**3 - i**2 - 8*i - 187. Calculate r(0).
-187
Let s(p) = 986*p + 52226. Determine s(-53).
-32
Let l(g) = -182*g + 463. Determine l(0).
463
Let t(s) = s**3 - 5*s**2 - 2*s + 39. Calculate t(4).
15
Let i(a) = -243*a - 1772. Give i(-7).
-71
Let z(k) = -82*k**3 + 4*k**2 - 4*k - 7. What is z(-1)?
83
Let r(x) = x**3 - 62*x**2 - 30*x - 2065. Calculate r(63).
14
Let c(w) = -w**3 - 3*w**2 - 11*w - 89. Give c(-5).
16
Let u(l) = -37*l - 106. Determine u(-4).
42
Let k(h) = 2*h**2 + 20*h - 242. Determine k(7).
-4
Let x(i) = -i**2 + 1909*i - 13321. Calculate x(7).
-7
Let x(n) = n**3 + 5*n**2 + 10*n + 2. Calculate x(-2).
-6
Let d(y) = y**2 + 200*y + 1724. Give d(-9).
5
Let r(i) = 291*i**3 - i**2 - 3*i - 2. Give r(-1).
-291
Let t(a) = 6*a**3 + 107*a**2 + 79*a - 97. What is t(-17)?
5
Let w(m) = -603*m - 2865. Calculate w(-5).
150
Let d(k) = -k**3 + 64*k**2 + 144*k - 785. Determine d(66).
7
Let g(y) = -y**3 - 6*y**2 - 9*y + 17. What is g(-3)?
17
Let j(a) = 3*a - 17. What is j(6)?
1
Let c(s) = 2*s**3 + 18*s**2 - 28*s - 89. Calculate c(-10).
-9
Let z(m) = 100*m + 766. What is z(-8)?
-34
Let r(s) = s**3 + 24*s**2 - 74*s + 120. What is r(-27)?
-69
Let k(h) = -h**3 + 15*h**2 + 119*h + 160. Calculate k(21).
13
Let c(j) = -26*j + 341. Determine c(0).
341
Let j(l) = -l**2 + 108*l + 1383. Determine j(-11).
74
Let l(p) = -2*p + 93. Give l(26).
41
Let f(d) = 671*d + 12772. Give f(-19).
23
Let x(w) = 41*w - 286. Give x(7).
1
Let y(c) = 138*c + 2613. What is y(-19)?
-9
Let p(z) = 115*z - 1605. Determine p(14).
5
Let p(l) = 14*l + 538. Calculate p(-44).
-78
Let l(o) = -15*o - 228. What is l(-23)?
117
Let v(d) = -d**3 - 39*d**2 - 308*d + 1. Give v(-28).
1
Let t(r) = 709*r + 1406. Determine t(-2).
-12
Let y(p) = 11*p**3 + 451*p**2 - 2*p - 124. Determine y(-41).
-42
Let m(v) = -v**3 - 167*v**2 + 33*v + 5594. What is m(-167)?
83
Let l(h) = 2*h**2 - 98*h + 452. Calculate l(5).
12
Let j(r) = 1533*r - 36783. Give j(24).
9
Let x(t) = -21*t - 868. Determine x(-44).
56
Let o(i) = 54*i - 117. What is o(9)?
369
Let b(c) = c**3 - 233*c**2 + 8*c - 1860. What is b(233)?
4
Let w(o) = 42*o**3 - 2*o**2 - 5*o + 6. Give w(1).
41
Let r(a) = -a**3 + 70*a**2 - 306*a - 94. Determine r(5).
1
Let c(v) = -3*v**3 + 4*v**2 + 7*v - 22. What is c(5)?
-262
Let u(x) = -30*x**2 - 3*x - 6. Calculate u(2).
-132
Let i(z) = -z**3 - 5*z**2 - 69*z - 187. Determine i(-3).
2
Let s(y) = -167*y + 2786. Calculate s(17).
-53
Let a(t) = -2*t**2 + 44*t - 286. Give a(7).
-76
Let s(r) = -2*r**3 + 65*r**2 + 41*r - 114. What is s(33)?
150
Let o(k) = 4*k**2 - 1436*k + 1435. Determine o(1).
3
Let r(l) = 3*l**3 + 233*l**2 - 80*l - 136. Calculate r(-78).
20
Let d(z) = 2*z**2 - 12*z - 57. What is d(12)?
87
Let p(n) = -2*n**2 - 8*n + 8. Determine p(1).
-2
Let a(f) = 2*f**3 - 23*f**2 + 53*f - 8. Give a(8).
-32
Let r(z) = 27*z**2 - 5004*z + 1664. Give r(185).
-1
Let g(p) = -28*p + 219. What is g(16)?
-229
Let c(u) = -20*u**2 - 4207*u - 1473. What is c(-210)?
-3
Let q(s) = -s**2 - 11*s + 206. Determine q(-20).
26
Let w(f) = 6700*f - 40211. Determine w(6).
-11
Let p(z) = -z**3 - 3*z**2 + 15*z - 18. Give p(5).
-143
Let x(k) = 75*k**2 + 212*k + 7. What is x(-3)?
46
Let p(t) = -5*t**3 + 2*t + 14. Give p(4).
-298
Let q(w) = -364*w - 364. Give q(-1).
0
Let x(y) = -y**3 + 55*y**2 - 616*y + 1727. What is x(41)?
5
Let w(o) = 64*o + 1230. Give w(-19).
14
Let h(o) = -o**3 - 34*o**2 - 7*o - 254. What is h(-34)?
-16
Let r(f) = -f**3 - 5*f**2 + 17*f - 15. Determine r(6).
-309
Let g(s) = 376*s - 2146. Determine g(6).
110
Let f(g) = g**3 - 107*g**2 - 436*g - 13. What is f(111)?
875
Let l(o) = -414*o**2 + 1657*o + 8. Calculate l(4).
12
Let w(c) = -4110*c + 197288. Give w(48).
8
Let g(m) = -2*m**2 - 9*m - 16. Calculate g(-7).
-51
Let v(s) = 29*s - 9. What is v(-5)?
-154
Let s(a) = -42*a + 71. Calculate s(1).
29
Let i(m) = -3190*m - 19132. What is i(-6)?
8
Let w(h) = -41*h**2 + 4059*h + 6. Give w(99).
6
Let k(r) = 5*r**3 + r**2 - 8*r + 7. Calculate k(0).
7
Let z(v) = v**2 - 21*v - 393. Calculate z(-12).
3
Let p(a) = -4*a - 7. What is p(17)?
-75
Let z(o) = 2*o**3 - 27*o**2 + 39*o - 37. Calculate z(12).
-1
Let s(w) = -22*w + 229. Give s(-3).
295
Let q(w) = 70*w + 776. Determine q(-13).
-134
Let j(r) = -r**3 + 7*r**2 + 28*r - 193. Calculate j(8).
-33
Let b(m) = -1000*m - 47987. What is b(-48)?
13
Let s(t) = 9*t**2 - 4*t + 9. Determine s(2).
37
Let u(m) = 2*m**3 + m**2 + 108*m + 220. Determine u(-2).
-8
Let k(r) = r**3 - 137*r**2 + 2040*r - 1. Calculate k(17).
-1
Let m(x) = -x**2 + 101*x - 187. Calculate m(99).
11
Let c(j) = 31*j - 1439. Determine c(37).
-292
Let l(h) = 15*h**2 - 138*h + 16. Calculate l(9).
-11
Let f(o) = -o**3 - 42*o**2 + 87*o - 45. Determine f(-44).
-1
Let d(o) = o**3 - o**2 - 37*o + 109. What is d(-12)?
-1319
Let j(h) = -h**3 - 2*h**2 - 17*h - 110. Calculate j(-4).
-10
Let w(q) = 143*q - 893. What is w(7)?
108
Let h(k) = 2*k**3 - 225*k**2 - 340*k - 223. Calculate h(114).
5
Let o(h) = 2*h - 108. Determine o(24).
-60
Let j(n) = 17*n - 615. Determine j(36).
-3
Let g(i) = i**3 + 37*i**2 - 62*i - 3525. What is g(-36)?
